*2 - 7*z + 29 - 2*z**2. What is a(-5)?
3
Let f(s) = -159*s**2 - 7*s**3 - 428*s + 310*s**2 - 4 + 857*s - 156*s**2 - 422*s. What is f(2)?
-66
Suppose 3 = -c + 4*c. Let h(i) = 0*i + 5*i + 210 - 13*i + 197 - 402 - 2*i. Determine h(c).
-5
Suppose 4*l - 4*s = -s - 24, -l - 6 = 4*s. Let n = -517 - -519. Let f(v) = -n*v**2 - 4*v**2 + 6 - 6*v - 4*v**2 + 16*v**2 - 7*v**2. Determine f(l).
6
Let f be (-7 - ((-184)/115 - 2/5)) + 7. Let w(j) be the second derivative of 5*j + 1/4*j**4 - 5/2*j**f + 7/6*j**3 - 1/20*j**5 + 0. Give w(4).
7
Let a = 10535 + -10543. Let s(j) = 19*j + 34. Determine s(a).
-118
Let b(k) = k. Let d(i) = 3*i + 5. Let g(n) = 5*b(n) - d(n). Let y be g(2). Let w = y - -1. Let m(o) = o**3 + o**2 - o - 6. Calculate m(w).
-6
Let o(u) = -u + 6. Suppose -2*d - d = -66. Suppose w - 3*w = -z - 7, 0 = 5*w - 2*z - 18. Suppose -w*k + 2 = d. Determine o(k).
11
Let q(j) = j**2 - 24*j + 64. Let o be (-4)/10*-8 + 5/(-25). Let s be q(o). Let x(i) = -14*i**2 - 2*i + 1. Determine x(s).
-15
Let b(l) = 7*l**2 - 71*l - 10. Let i(a) = 11*a**2 - 116*a - 15. Let v(o) = 8*b(o) - 5*i(o). What is v(-13)?
8
Let d(v) = 12202*v**2 + 20 - v - v - 12203*v**2. Give d(7).
-43
Suppose 10*q = 7*q + 4*x - 53, 71 = -4*q + 5*x. Let m = -30 - q. Let f(i) = -i - 8. Determine f(m).
3
Let z be (-1)/2*(-370)/185. Let t(w) = -38*w - 2. Calculate t(z).
-40
Let w(i) = 10*i - 4. Let h(o) = -98*o**2 + 294*o - 3. Let f be h(3). Determine w(f).
-34
Let m(r) = 185*r + 46. Let n be m(-3). Let w = 501 + n. Let x(o) = 10 - 4*o + 3*o + 2*o. What is x(w)?
2
Let m be -3 + (-75)/(-2)*12/(-15). Let r be (-6)/90*5*m. Let i(d) = 2*d - 33. Calculate i(r).
-11
Let r(l) be the first derivative of -19*l**2/2 + 11*l - 469. Determine r(3).
-46
Suppose 20*w + 110 = 31*w. Suppose -26 - w = -6*j. Let v(t) = -3*t - t + t**2 - t - 1. Determine v(j).
5
Let i(k) be the third derivative of k**5/60 - 7*k**4/24 + 13*k**3/6 + 9*k**2 - 22. Let g = -114 - -120. Determine i(g).
7
Let l(q) = 30*q**2 - 471*q - 156. Let o be l(16). Let c(z) = -2*z + 10. Determine c(o).
34
Let d(b) = 58*b + 119*b + 5 - 182*b + b**2. Calculate d(2).
-1
Let c be -17 + 0 + 0 - (-105 + 110). Let y(p) = -6*p - 137. Let d be y(c). Let f(r) = r**2 + 6*r + 6. Give f(d).
1
Let v(o) = -2*o**3 - 44*o**2 - 45*o - 51. Let p be v(-21). Let j(n) = n**2 - 13*n + 11. What is j(p)?
-1
Let w(i) = 481*i + 1922. Let c be w(-4). Let n(l) = 8*l + 26. Determine n(c).
10
Let m be (90/(-12))/(-9*7/42). Let t(o) = 6*o**2 - 5*o + 14. Give t(m).
139
Let b(z) = -13*z**3 - 19*z**2 + 37*z - 37. Let k(n) = 16*n**3 + 20*n**2 - 48*n + 38. Let h(m) = -5*b(m) - 4*k(m). Give h(-15).
-72
Let i = -80 - -79. Let v = i + 7. Let t(a) = -61 - v*a**2 + 60 + 5*a**2 + 4*a**3 - a. What is t(-1)?
-5
Let a(v) be the first derivative of v**3/2 - 7*v**2/2 + 2*v + 2. Let c(b) be the first derivative of a(b). Suppose -17955*l + 17974*l = 133. Determine c(l).
14
Suppose -659 + 695 = 3*c + 3*p, 4*c = -3*p + 41. Let h(r) = -r**2 + 4*r + 4. Determine h(c).
-1
Suppose 2*j = k - 4, 0*k - 3*k - 8 = 4*j. Let z be (-4 - (k - 4))/(-4). Let n(p) = -p + 17*p - 3 - p**2 - 15*p. Determine n(z).
-3
Let u be 1/2 + 14/(-4)*1. Let n(l) = 9*l + 23. Give n(u).
-4
Let s(g) = -99*g**3 - g + 2*g**2 + 10 + 8*g**2 + 188*g**3 + g**2 - 90*g**3. What is s(11)?
-1
Let g(i) = 2*i**2 - 15*i + 4. Let j(n) = 3*n**2 - 23*n + 6. Let f(u) = 7*g(u) - 5*j(u). Let y = 63 + -53. What is f(y)?
-2
Let z(m) = 6*m + 3. Suppose 4*t - 41 = -21. Suppose -4*h = -9*h - t. Let i be (-6)/(-12)*(-5 + h). What is z(i)?
-15
Let u(r) = 33*r**3 + 6 - 28*r**2 - 10*r + 12*r**2 - 32*r**3 + 8*r**2. Calculate u(9).
-3
Let f(b) be the third derivative of b**5/60 + b**4/24 - 8*b**3/3 + 2*b**2 + 2484*b - 1. What is f(-4)?
-4
Let h = -226 - -202. Let k = h + 19. Let g(s) = -s**3 - 6*s**2 - 6*s - 6. Calculate g(k).
-1
Let o = -6402 + 6408. Let c(w) = -7*w**2 + 5 - 7*w + 4*w**3 + 2*w**2 - 3*w**3. Determine c(o).
-1
Let y be (-3 - -6) + 90/(-36). Let z(c) be the second derivative of 1/3*c**3 - y*c**2 - 3*c + 0 - 1/10*c**5 + 0*c**4. What is z(2)?
-13
Let j be 323/38*1/17. Let t(g) be the first derivative of -j*g**2 + 4*g - 1. Determine t(6).
-2
Let u(s) = s**2 + 6*s - 3. Let t be u(-5). Let p(j) be the first derivative of -j**2/2 + 3*j - 24340. Determine p(t).
11
Let n(l) = -2*l - 100. Let c(t) = -7*t - 323. Let m(j) = c(j) - 3*n(j). Determine m(-24).
1
Let u(o) = -2*o + 6. Suppose -106*i - 10 = -111*i. Suppose i = c, -3*y + 3*c + 139 = 2*y. Let s = y + -25. What is u(s)?
-2
Suppose -10*f = 3*f + 455. Let o be (-60)/f*(-7)/2. Let d(q) = -4*q + 3. Determine d(o).
27
Let m(a) be the third derivative of -a**8/6720 - a**7/2520 - a**6/720 - a**5/12 - 7*a**4/24 + a**2 - 51. Let y(p) be the second derivative of m(p). Give y(0).
-10
Let p(c) = -c**2 - 42*c + 234. Suppose -16*u + 188 = 12*u - 32*u. Give p(u).
-1
Let j(b) = -9*b**3 + 8*b**2 + 9*b + 12. Let u(a) = -11*a**3 + 8*a**2 + 13*a + 12. Let v(d) = -5*j(d) + 4*u(d). Calculate v(7).
-12
Let p(t) be the third derivative of -t**6/120 - t**5/4 + 2*t**4/3 + 7*t**3/6 - 46*t**2. Give p(-16).
7
Let i(f) be the first derivative of 5*f**3/3 + 85*f**2 + 5631. Determine i(-34).
0
Let j = -152 + 182. Let x(o) = -5*o**2 - j*o + 3*o**2 + 32*o + 3*o**2 + 1. Calculate x(-1).
0
Let n(w) = -8*w**3 - 10*w**2 + 12*w + 8. Let s(u) = 19*u**3 + 20*u**2 - 25*u - 16. Let l(v) = -7*n(v) - 3*s(v). Give l(7).
76
Let i be (-54)/(-15) - (-28)/70. Let h(u) = -137*u + 7 - i + 141*u. Give h(2).
11
Let x(i) = -i + 9. Let b(g) = 50*g + 155. Let r(m) = -b(m) - 7*x(m). Determine r(-5).
-3
Suppose -p + 10 = -j, -3*p - 31*j + 18 = -28*j. Let o(d) = d - 12. Give o(p).
-4
Let d = 4658/14001 + 3/4667. Let v(p) be the second derivative of p**3 - 1/20*p**5 + 0 + 1/2*p**2 - d*p**4 + 3*p. What is v(-5)?
-4
Suppose 368 - 404 = -6*u. Let q(c) = 7 - 2*c - 12 + u + c. Give q(1).
0
Let i(l) = 1 + 4*l + 0*l + 3*l + l. Let t be (-26)/(-10) + 1053/(-1755). Determine i(t).
17
Let m(p) = 4*p + 8. Let x(l) = 463*l - 2320. Let w be x(5). Determine m(w).
-12
Let d be (-82)/(-8) + (-2)/8. Let s(w) be the second derivative of -w**5/20 + 5*w**4/6 + 5*w**2 - 14948*w. Give s(d).
10
Suppose 2*i + 16 = 16*h - 17*h, -2*h = i + 11. Let d be (-14)/i*(-6 - -5). Let y(u) = -u**2 - u + 2. Determine y(d).
0
Let i(s) = -s**3 + 19*s**2 - 21*s + 27. Let h(o) = -o**3 + 27*o**2 - 113*o + 84. Let p be h(22). Give i(p).
-27
Let m(n) = 30*n + 277. Let d be 0 + -10 + 8 - 7. Let z be m(d). Let w(t) = t**2 - 11*t + 6. What is w(z)?
-22
Let n(p) be the second derivative of -p**3/6 + 7*p**2/2 + 1331*p. Give n(0).
7
Let g = -480 - -486. Let x(y) = y**2 - 3*y - 4. Let s be x(5). Suppose -4*b - 30 = r - g*r, -r + 3*b = -s. Let m(i) = -3*i + 1. What is m(r)?
-17
Let p = 17 - -128. Suppose 0 = -2*n + c + c - 44, 5*n + 2*c = -p. Let q = n - -29. Let k(i) = 6*i - 3. Calculate k(q).
9
Let a(x) be the second derivative of x**4/12 + x**3/2 - 11*x**2/2 - 1454*x. What is a(-9)?
43
Let k(f) = f**3 - 5*f**2 - 7*f. Let r be 19*1 - (7 - 5). Let i(s) = -8*s - 63. Let b be i(-8). Suppose 3*d - b = r. Calculate k(d).
-6
Let v(w) = w**3 + 7*w**2 + 5*w - 6. Let b be v(-6). Let p(l) be the second derivative of -17/2*l**2 + 0 + 1/20*l**5 - 1/6*l**3 + 164*l + 1/12*l**4. Give p(b).
-17
Let x be 260/60*12/4. Let o(t) = -x + 37 - 4 - 8 - 5*t. Calculate o(5).
-13
Let k(w) = w**2 - 5*w + 4. Let r = -208 + 243. Suppose 0 = r*v - 10 - 60. What is k(v)?
-2
Let a be 378/56 + 0 + (-2)/(-8). Let w(d) = -4*d**2 - a*d**2 + 25*d**2 + 1 + 17*d**2 - 9*d**2. Calculate w(-1).
23
Let v(u) = -1 + 1 - 3*u + 5. Let o = 1799 - 1795. Let z(t) = 7*t - 9. Let a(c) = o*z(c) + 7*v(c). What is a(2)?
13
Let n(k) = -3*k**3 - 41*k**2 + 10*k - 28. Let i(r) = r**3 + 21*r**2 - 4*r + 12. Let w(b) = -5*i(b) - 2*n(b). Let z = 1 - -22. What is w(z)?
-4
Let u(w) = 3*w + 3*w - 3 + 8*w - 4*w. Suppose 5*n = 4*x + 9, -3*x = -4*x - 1. Suppose 0*a + 3 = a - b, -2*a - 5*b - n = 0. Calculate u(a).
17
Let k = -138 + 85. Let v = -45 - k. Let o(x) be the second derivative of -x**3/3 + 11*x**2/2 - 16*x. Give o(v).
-5
Let s(a) = a**3 + 13*a**2 - 73*a + 23. Let w be s(4). Let c(b) = -3*b**2 + 5*b**2 + 2 - 5*b + 0*b. What is c(w)?
5
Let w(l) be the first derivative of -l**4/4 - 3*l**3 + 7*l**2/2 - 5*l - 1362. Determine w(-10).
25
Let w(z) be the first derivative of z**4/4